me factors of g.
131, 569
Let h(g) = -37*g - 117. Let m be h(-5). Suppose -m = 4*n - 1804. What are the prime factors of n?
2, 7, 31
Let c be 2/3 - (-42)/(-9). Suppose k + 2*x = -0*k - 14, 2*k = -x - 13. What are the prime factors of c*(k/4 + -3)?
2
Let k = -65 - -281. Let c = -95 + k. What are the prime factors of c?
11
Let b(s) = 3635*s**2 + 18*s + 35. List the prime factors of b(-2).
7, 31, 67
Suppose 479*i = 482*i - 23244. What are the prime factors of i?
2, 13, 149
Let y = -11135 - -30716. What are the prime factors of y?
3, 61, 107
Let j be (-16)/(-72) + (-871)/(-9). Suppose 259 = 5*s + 2*a, -8*s = -6*s + 3*a - j. What are the prime factors of s?
53
Suppose -3*r = -r + 2, 4*r = -4*b - 140. Let x = -26 - b. List the prime factors of x.
2
Let x(j) = -j**2 + j + 384. Let c be x(-19). Suppose -15*b = -11*b + 2*i - 2266, -c*i + 584 = b. What are the prime factors of b?
2, 3, 47
List the prime factors of ((-19692)/(-108))/((1 - -1)/18).
3, 547
Suppose 0 = -5*y + t + 120, 2*y = -2*t + 75 - 15. Let f = -9 + y. Suppose a - 2*l - l - f = 0, -2*l = -a + 17. What are the prime factors of a?
19
Suppose -285991 = -43*x - 13*x + 480425. What are the prime factors of x?
2, 3, 2281
Let g = -2 + 6. Suppose g*h + 147 = 5*i, -3*i + 153 = 2*i - h. Suppose -2*o + i = k, o + 6 - 1 = 0. List the prime factors of k.
41
Let f(a) = 2*a**3 + 12*a**2 + 13*a - 30. Let j be f(-9). Let k = 1212 + j. What are the prime factors of k?
3, 193
Suppose 0 = -11*n - 4152 + 280. Let d = 496 + n. What are the prime factors of d?
2, 3
Let f(g) = 1135*g**2 - 25*g + 38. What are the prime factors of f(3)?
2, 7, 727
Suppose -3 = 3*l, -2*a - 33240 = -l - 9811. What are the prime factors of (-6)/5*a/22?
3, 71
Suppose 2*y = -0*y + 5*l + 922, 4*l + 1383 = 3*y. Suppose -3*w + y = -3*o + 149, -2*w - 2 = 0. Let p = 81 - o. What are the prime factors of p?
2, 3, 31
Let h(d) = 2*d**3 - 87*d**2 - 27*d - 74. Let s be h(43). Let j = -1797 - s. List the prime factors of j.
3, 11, 13
Let f(j) = 6*j**3 + 48*j**2 - j + 14. Let v be f(-7). Let l = v - 210. List the prime factors of l.
3, 5, 7
Let s = -38 - 35. Let k = -71 - s. Suppose -k*f + 587 = 75. What are the prime factors of f?
2
Let v(z) = z**3 - 2*z**2 - 3*z - 4. Let y be v(7). Let f = -32 + y. Let w = f - 84. List the prime factors of w.
2, 13
List the prime factors of (-2)/2 + (-3086)/(-1) - 8.
17, 181
Let j = -118 + 40. Let v be (4/1)/(j/36 + 2). Let r = 119 + v. List the prime factors of r.
5, 19
Let n(q) = -9*q - 21. Let b be n(-14). Let h = -100 + b. Suppose h*k - 309 = 271. What are the prime factors of k?
2, 29
Suppose 1203253 = 58*v - 569343. What are the prime factors of v?
2, 7, 37, 59
Suppose -1 = -p + 2. Suppose -15 = -3*j, -p*o + 3*j + 1160 = 4*j. List the prime factors of o.
5, 7, 11
Let l = -574 + 577. Suppose 4*y + 5872 = 4*p, -2*y = -l*y. What are the prime factors of p?
2, 367
Let d(n) = n**3 + 3*n**2 - 25*n + 65. List the prime factors of d(11).
2, 7, 53
Suppose -5*u + 2*f = -0*f - 37, -4*f - 4 = 0. Suppose 0 = q + 4 - u. Suppose b - 17 = 3*o, 5*b - 5*o + q*o - 137 = 0. List the prime factors of b.
29
Let q be (-6)/15 - 921/(-15). Let x = q + 41. List the prime factors of x.
2, 3, 17
Let d = -130 + 134. Let x(y) = -y**3 + 5*y**2 - 4*y + 4. Let i be x(d). Suppose -q - 1220 = -5*o, i*q - 9*q = 0. What are the prime factors of o?
2, 61
Let i(t) = 18*t**2 - 4*t - 4. Let q(v) be the second derivative of v**5/20 + v**4/4 - v**3 - 5*v**2 + 30*v. Let u be q(-4). What are the prime factors of i(u)?
2, 19
Suppose 0 = -2*j + 25 + 757. Let b = j - 316. List the prime factors of b.
3, 5
Suppose 81*v + 6 = 83*v. Suppose -2*c = 2*w - 14, 0 = -2*c + v*w - w + 6. Suppose 105 = 5*z - 4*b, -c*b = -4*z + 70 + 23. List the prime factors of z.
17
Let r(v) = -v**3 - 7*v**2 + 8*v + 6. Let a be (12/4 + -15)*2/3. Let s be r(a). Let h = 33 + s. List the prime factors of h.
3, 13
Suppose -19*l - 114 = -21*l. Let r = l - 27. List the prime factors of 405/r*(-8)/(-6).
2, 3
Let j(f) = 2*f**2 + 43*f + 21. Let i be j(-21). Suppose i = r - 0*r - 359. What are the prime factors of r?
359
Let l = 64372 + -44941. What are the prime factors of l?
3, 17, 127
Suppose 288*f - 2405277 = 1906695 + 5713308. List the prime factors of f.
2, 5, 59
Let u(n) = 74*n**2 - 40*n + 134. List the prime factors of u(8).
2, 5, 7, 13
Let n(d) be the third derivative of 1/8*d**4 + 0 - 31*d**2 + 7/40*d**6 - 1/6*d**3 - 1/30*d**5 + 0*d. What are the prime factors of n(1)?
3, 7
Let i(k) = 8*k + 6*k + 1 - 3 - k**2 + 17. Let h be i(15). Suppose -5*p - 15 = 0, -4*p - 26 = -2*v - h. List the prime factors of v.
7
Suppose 3*s + 1 = -20. Let o(u) = -u**3 - 7*u**2 + u + 12. Let l be o(s). Let q = 30 + l. List the prime factors of q.
5, 7
Suppose 28*d + 9*d = -6*d + 285821. List the prime factors of d.
17, 23
Let q = 13114 + -9275. List the prime factors of q.
11, 349
Let w = 3142 - -522. What are the prime factors of w?
2, 229
Let l be 10 + (-5)/((-5)/(-6)). Suppose -1842 = -3*b - l*g, 14*g = 5*b + 19*g - 3065. What are the prime factors of b?
2, 5, 61
Suppose -27*h + 23*h + 1988 = 0. Suppose 7*p - h = -112. List the prime factors of (-44)/p*(-470)/4.
2, 47
Let j(c) = -471*c - 5019. What are the prime factors of j(-20)?
3, 163
Suppose -54447 = -3*i - 4*p, 4*i - 6907 - 65682 = -3*p. List the prime factors of i.
5, 19, 191
Let s(w) = 2849*w**2 + 552*w + 2729. What are the prime factors of s(-5)?
2, 35597
Suppose 9 - 13 = -2*h. Suppose 657 = h*d - 2*t - t, 0 = 4*d + 2*t - 1306. List the prime factors of d.
3, 109
Suppose 0 = -4*g - 0 + 8. Suppose -3*q = g*h + 25, q = -h + 5*h - 27. List the prime factors of (-16 - (0 - -2))*(-17 - q).
2, 3
What are the prime factors of (40/2)/(-12*(-3)/10656)?
2, 5, 37
Let m = 71959 + -42916. What are the prime factors of m?
3, 7, 461
What are the prime factors of 9/(162/(-8)) + (-1259480)/(-207)?
2, 3, 13
Let y = 49 + -52. Let w be y - 4*(1 - 3). Suppose -5*c = 4*t - 16, -5*t + w*c + 65 = -0*t. What are the prime factors of t?
3
Let r = 220 + 551. Let g = r + -458. What are the prime factors of g?
313
Suppose -2*i + 2 = 8. Suppose -108*n + 113*n + 910 = 0. List the prime factors of n/i - (-16)/12.
2, 31
Let f(s) = -s**3 + s**2 + 3*s + 3. Let m be f(2). Suppose 1374 = b + m*b. What are the prime factors of b?
229
Let y(v) = 60*v**2 + 12*v + 16. What are the prime factors of y(-3)?
2, 5, 13
Suppose 0 = 2*l + i - 35, -6*i + 12 = -2*i. Let o be (4244/l - -3)/(3/12). Suppose -4*a - 2*c = -858, 0*a + 2*c = -5*a + o. What are the prime factors of a?
5, 43
Let z(b) = b**2 + 14*b + 52. Let v be z(-5). Suppose 5*n + 2*w = 542, -2*n + 3*w - v*w = -204. What are the prime factors of n?
2, 5, 11
Let o = -537 - -553. Suppose -323 = -o*a + 717. What are the prime factors of a?
5, 13
Let z = 2860 - 4752. Let t = 2671 + z. List the prime factors of t.
19, 41
List the prime factors of -4 + 260510/30 + 8/6.
8681
Suppose 0 = -46*c - 148 - 36. What are the prime factors of c/(-11) - 51816/(-44)?
2, 19, 31
Suppose 5*a + 3211 = -3*k + 15990, 4*k - 17062 = -2*a. List the prime factors of k.
2, 11, 97
Let c be 33/(-3) + (-2 - (-10 + 9)). Let t(z) = -z**3 - 6*z**2 + 28*z - 28. List the prime factors of t(c).
2, 5
Let u = 2119 + 613. What are the prime factors of u?
2, 683
Suppose 5*p - 2*u = -3050 + 8340, 5*u = -p + 1031. Let l = 1561 - p. What are the prime factors of l?
5, 101
Let j(g) = -g**2 + 234*g + 119. What are the prime factors of j(51)?
2, 17, 139
Let i be -2*(207/(-18) - -7). Let b(u) = -u**3 + 7*u**2 + 21*u - 9. List the prime factors of b(i).
2, 3
Let w(l) = l**3 - 20*l**2 + 56*l - 285. What are the prime factors of w(21)?
2, 3, 37
Let l be ((-803)/44*-2 - 2)/((-6)/8). Suppose 0*n - n = -81. Let d = l + n. List the prime factors of d.
5, 7
Suppose 91*x - 96*x - 5*i = -59550, i - 5 = 0. What are the prime factors of x?
5, 2381
Let s(n) = n**3 + 10*n**2 + 11*n + 7. Let z be s(-6). Suppose z*o - 76*o - 153 = 0. List the prime factors of o.
17
Let d be -13*17/(-2)*2. Suppose 3*v + 4*i - d = 0, 9*i + 351 = 5*v + 7*i. List the prime factors of v.
71
Let q = 26732 + -18483. List the prime factors of q.
73, 113
Suppose -k = -4*k + 2*l, -l = 3. Let p be 1/k*3*(-700)/(-21). Let b = p - -54. List the prime factors of b.
2
Let h = 176642 - 123651. What are the prime factors of h